(-36). Let y(v) = -v**3 + 2*v**2 + 2*v - 5. Determine y(u).
-29
Let o = -100 + 120. Let k = o + -16. Let u(v) be the third derivative of v**5/60 - v**4/4 + v**3 - v**2. Calculate u(k).
-2
Let k(b) = b + 12. Let w(q) = -q**3 - 32*q**2 - 110*q + 47. Let i be w(-28). Determine k(i).
3
Suppose 3 = 5*b - 2*b. Suppose 3*h = 2*v - 4*v - b, 0 = -4*h - 2*v - 4. Let m(j) = j**3 + 4*j**2 + 5*j + 3. Calculate m(h).
-3
Let n(o) = -o**2 + 2*o - 2. Suppose -3*f + t = 13, 5*t + 3 = -2*f - 34. Let k = 10 + f. Give n(k).
-10
Let o(x) be the first derivative of 9 - 1/3*x**3 + 0*x + x**2. What is o(3)?
-3
Suppose z + 1 = 3. Suppose 0 = 7*c - 11*c + 12. Let v(f) = -21 + 0*f**3 + 18 - 2*f**c + f**2 + 3*f. What is v(z)?
-9
Let f be (-172)/(-20) - (37/(-5) + 7). Let g(p) = -p**3 + 8*p**2 + 7*p + 8. Calculate g(f).
-10
Let v(g) = -g - 3. Let p(l) = 3*l**3 + 9*l**2 - 13*l + 15. Let h(c) = 4*c**3 + 8*c**2 - 13*c + 15. Let s(o) = 4*h(o) - 5*p(o). Let m be s(12). Give v(m).
0
Let r(c) = -c + 4. Let u be r(2). Let f(a) = -a**3 + a**2 + 2*a. Let i be f(u). Let v be 1*(-3 - i)*1. Let t(n) = -n**2 - n - 2. Calculate t(v).
-8
Let y(d) = d + 4. Let f(g) = g + 13. Let w be f(-10). Suppose -4*h + 5*a + 8 = 0, h + 6*a - w*a = -15. Give y(h).
1
Let z(f) = f**3 - 3*f**2 + 2*f - 3. Let a be (-3 - -6)*1 + 13. Let v = 29 - a. Suppose 8 = 2*q - 3*d - v, 0 = -q + d + 8. What is z(q)?
3
Let a(u) = u**2 - 36*u + 71. Let r be a(34). Let d(o) be the first derivative of 3*o**2/2 - o + 2. What is d(r)?
8
Let h(u) = u**3 - 11*u**2 + 4*u - 2. Let z = 50 + -39. Give h(z).
42
Let r(o) = o - 4. Suppose -6 = 6*b, 5*b + 7 + 25 = 3*a. Calculate r(a).
5
Let k(j) = -3*j + 2. Let l be k(-3). Let m(w) be the third derivative of w**6/120 - 11*w**5/60 - 2*w**2 - 6*w + 48. Give m(l).
0
Let m(o) = -o**3 + o**2 - 2*o + 3. Let y(u) be the first derivative of 3*u**2/2 - 10*u + 4. Let j = 14 - 10. Let r be y(j). What is m(r)?
-5
Let d(k) = -k**3 + 6*k**2 - 7*k + 9. Suppose 3*t - 23 = 4*b - 5, -24 = -4*t + 3*b. Calculate d(t).
-33
Let u(r) = -r**3 - 3*r**2 + 4*r + 6. Let o = 31 + -33. Let b be (-4)/(2/(o - -4)). What is u(b)?
6
Let u(b) = 48 - 3*b**2 + 4*b**2 - 38. Let z(r) = -r**3 - 2*r**2 + 4*r + 3. Let t be z(-3). Calculate u(t).
10
Let o(t) be the first derivative of -2*t**2 + 4*t + 70. Determine o(4).
-12
Let x be -1 + 8/5 - (-36)/(-10). Let f(k) = k**2 + k. Determine f(x).
6
Let i be 14/(-189) + 29/27. Let t(n) = 40*n**2 + n - 1. Calculate t(i).
40
Suppose -6*u + 7*u = -6. Let f be -2 + 7/((-14)/u). Let i be (21 - 20)*(f + 3). Let o(w) = w - 6. What is o(i)?
-2
Let j be 6/(-4)*(-4)/6. Let h(b) = b + 1. Let l(f) = -2*f - 3. Let d(i) = j*l(i) + 3*h(i). Suppose -4*v + 34 = 5*c, 3*v + 9 = 4*c - 2*c. What is d(c)?
6
Let o(z) be the third derivative of z**5/60 - 3*z**4/8 + 23*z**3/6 + 9*z**2 - 2*z. Calculate o(5).
3
Let w(u) = 3*u**2 + 1. Suppose 7*r - 10 - 32 = 0. Suppose -9 = -r*t - 3. Determine w(t).
4
Let z(y) = -6 - 4*y - 3 + 11 + 1. Give z(4).
-13
Let z(t) = t**2 + 4*t - 2. Let y(h) = h**2 - 5*h + 7. Let r be y(7). Suppose 7*v = 6*v + r. Let w be 3/(-7) + (-96)/v. Give z(w).
3
Let a(o) = -o + 8. Let i(u) = -2*u + 26. Let r(q) = 6*a(q) - 2*i(q). What is r(1)?
-6
Let k(o) = 5*o - 39. Suppose 132 = 63*x - 435. Calculate k(x).
6
Let q(b) = b + 5. Suppose -443*t = -440*t + 24. Calculate q(t).
-3
Let o(q) = 5*q + 25. Suppose 55*w - 48*w = -77. Give o(w).
-30
Let p = -162 + 166. Let v(u) be the third derivative of 0 + 1/60*u**5 - 5/24*u**4 + 0*u - 3*u**2 - 5/6*u**3. Calculate v(p).
-9
Let s be (0 - -4) + 0 + (-4 - -2). Suppose o + 7 = -3*x, -s = 5*x - 5*o + 3. Let m(b) = -b**3 + 3*b**2 + 2*b. Calculate m(x).
16
Suppose 0 = 2*s + 6*s - 16. Let c(t) = t**3 + 5*t - 5 + 35*t**s - 8*t**2 - 9*t**2 - 12*t**2. What is c(-5)?
-5
Let m(c) be the second derivative of c**3/3 + c**2 + c. Let a(o) = 6*o - 1. Let g be a(1). Suppose -2*r - g = -r. Give m(r).
-8
Let n(v) = 3*v + 4 - 4*v**2 + 0*v + 0*v - 3*v**2 + v**3. What is n(4)?
-32
Let k(i) = 2 + 2 + 3 + 4*i. Let v be k(-3). Let l(u) be the first derivative of u**4/4 + 2*u**3 + 2*u**2 + 2*u - 1. What is l(v)?
7
Let r(m) = -m**3 + 17*m**2 + 2*m - 24. Let l = 143 - 126. What is r(l)?
10
Let l(v) = v**2 - 6*v + 8. Let p be l(7). Let b = p + -20. Let x(z) be the first derivative of z**3/3 + 7*z**2/2 + 5*z + 1. Determine x(b).
-5
Let t(w) be the first derivative of -w**4/2 - 19*w**3/3 - 4*w**2 + 9*w + 454. Determine t(-9).
0
Let q = -3 + 2. Let t(b) be the second derivative of -b**5/60 - b**4/24 + b**3/2 + 5*b. Let y(h) be the second derivative of t(h). Give y(q).
1
Suppose 2*j + x = 7, -3*j = 4*x - x - 15. Let o(z) = -1 + 2 - z**2 - z + 0*z**j. Suppose r = -q + 1, 3*r = 12 - 3. What is o(q)?
-1
Let p(y) = -2*y**2 - 4*y - 2. Let a(w) = -22*w**2 - 14*w - w**3 - 25 + 32*w + 4*w. Let f be a(-23). Give p(f).
-2
Let q be ((28 + -27)*(1 + -1))/(-1). Let z(v) = -v**2 + v + 1. Determine z(q).
1
Let h(n) = n. Let g(m) = -m - 1. Let f = 55 + -52. Let z(x) = f*h(x) + 4*g(x). Give z(-4).
0
Let x = 12 - 5. Let a(s) = 15*s - 2 + 3*s + s - 18*s. Let j(t) = -2*t + 4. Let g(r) = x*a(r) + 4*j(r). Give g(-5).
7
Let r(i) be the first derivative of i**2 - 17*i - 18. Let p be r(5). Let q(w) = -w**3 - 7*w**2 - 3*w + 8. Calculate q(p).
29
Let r(v) = -v**2 + 4*v - 5. Suppose -4 + 8 = -3*i + 4*a, -8 = -i - a. Give r(i).
-5
Suppose z + 22 = -2*s + 7*s, -2*z - 2*s + 16 = 0. Let p(k) be the second derivative of -1/12*k**4 - k - 1/6*k**z + 0 - 5/2*k**2. Calculate p(0).
-5
Let p(n) = -n**2 - 6*n - 2. Let f(b) = 2*b**3 - 83*b**2 - 43*b + 36. Let h be f(42). Give p(h).
-2
Suppose 2*c = -3*o - 0*c - 22, 5*o + 5 = 3*c. Let s(y) = 13*y**2 + 65*y + 19. Let u(n) = -7*n**2 - 35*n - 10. Let b(z) = -6*s(z) - 11*u(z). Give b(o).
0
Let y = 536 + -525. Let g(j) = -j**2 + 15*j - 16. What is g(y)?
28
Let h(q) = -q**3 + 1900 - q - q**2 - 627 - 636 - 638. Give h(0).
-1
Let l(y) = y**3 + 2*y**2 + y + 2. Let m be (-418)/110 + (-2)/10. Determine l(m).
-34
Let z(i) = i**3 - i**2 - 4. Suppose -4*y = 4*o - 8*o - 136, 2*y = -6. Let b = -24 - o. Let s = b + -13. Give z(s).
-4
Let a(g) = 4*g + g**3 + 34*g - 7*g**2 - 10 - 5*g - 25*g. Give a(6).
2
Let f(y) be the second derivative of -y**4/12 - 7*y**3/6 - y**2 - y + 6. Let p(m) = -m**3 + 5*m**2 - 5*m - 2. Let j be p(4). What is f(j)?
4
Let d = 45 + -32. Let v(r) = 17 - 3*r**2 - 6*r - 2*r**2 + r**3 - r - d. Let h = -8 + 14. Determine v(h).
-2
Suppose -2*r = -2*v + 16, 4*r = -11*v + 13*v - 22. Let y(g) = g**2 + g + 1. What is y(r)?
7
Let u(n) = n**2 + 7*n - 2. Suppose -7*g - 66 + 164 = 0. Suppose w + w + g = 0. Calculate u(w).
-2
Let v(q) = 2*q**2 - 4*q - 1. Let p be v(3). Let n(z) = 3*z - 11. Give n(p).
4
Let h(j) = j**2 - 14*j - 7. Let d(g) = 2*g**3 + 16*g**2 + 21*g + 63. Let s be d(-7). Determine h(s).
-7
Let z(j) = j + 2. Suppose -5*y - t - 3 = 0, -6*y + 2*y - t - 3 = 0. Suppose 0 = -3*x - 3*m, 0 = -m - y*m. Suppose x = -s - 3*s. Calculate z(s).
2
Let n(h) be the third derivative of -h**6/120 - 7*h**5/60 + h**4/24 + h**3/2 + 7*h**2 + 17*h. Give n(-7).
-4
Let q(w) = 17*w + 5. Let g(m) = -74*m - 22. Let y(v) = -2*g(v) - 9*q(v). Give y(-4).
19
Let s be ((-660)/(-231))/((-4)/14). Let x(j) = -j**2 - 9*j + 1. Calculate x(s).
-9
Let d be (66/40 - 46/115)*4. Let a(h) = -h**2 + 13*h - 4. Give a(d).
36
Let z(a) = -a - 1. Let u(p) = -1. Let r be (6/(-9))/((-6)/(-27)). Let q(m) = r*z(m) + 4*u(m). Calculate q(3).
8
Let i(j) = -j**3 + j**2 + j + 2. Let l = 66 + -70. Let w be 1/(l + (-27)/(-6)) - 2. Give i(w).
2
Let p(k) be the third derivative of k**5/30 + 5*k**4/24 - 7*k**3/6 - 19*k**2 - 5*k. Determine p(-5).
18
Let l(b) be the second derivative of b**4/12 - 11*b**3/3 - 2*b**2 + 226*b. Calculate l(22).
-4
Let l(k) = 121 + 3*k - 116 - 3*k**3 + 5*k**2 + 0*k**3 + 4*k**3 + 3*k. Calculate l(-3).
5
Let l(i) be the second derivative of i**3/6 + 3*i**2/2 + 90*i + 1. Determine l(-1).
2
Let w(x) be the second derivative of x**4/12 + x**3 + 2*x**2 - 36*x - 14. What is w(-5)?
-1
Let q(z) = -z + 1. Let h(u) = 3*u - 2. Let k(x) = -2*h(x) - 5*q(x). Let f = 44 + -42. Suppose -f*b - 4 = -2. Calculate k(b).
0
Let h = 78 + -77. Let k(p) = -p**3 - p**2. Let u(w) = -6*w**3 + 4*w**2 - 2*w + 1. Let t(l) = -3*k(l) - u(l). What is t(h)?
9
Let p(m) = 10*m. Let z be p(2). Suppose 4*j = -z, -k + 12 = -2*k - 2*j. Let n(f) = 